a composite number?
True
Is 7069 prime?
True
Is 260171 prime?
True
Is 82789 composite?
True
Is 322169 a prime number?
True
Is 780119 prime?
True
Is 48883 a composite number?
False
Is 106801 composite?
False
Is 108439 composite?
False
Is 118831 composite?
False
Is 11738471 a prime number?
True
Is 3651 prime?
False
Is 499147 composite?
True
Is 307 composite?
False
Is 10831 prime?
True
Is 228314 a prime number?
False
Is 3643 prime?
True
Is 3935 composite?
True
Is 1209121 composite?
False
Is 63929 a composite number?
False
Is 32353 a composite number?
False
Is 119065 prime?
False
Is 2521681 a prime number?
True
Is 618643 a prime number?
True
Is 4777 a composite number?
True
Is 216797 composite?
True
Is 78361 composite?
True
Is 15149 composite?
False
Is 3011 composite?
False
Is 29917 composite?
False
Is 307 composite?
False
Is 202471 composite?
False
Is 57149 a composite number?
False
Is 1404399 a composite number?
True
Is 27879 composite?
True
Is 128509 a prime number?
True
Is 174241 composite?
False
Is 10 a prime number?
False
Is 14621 a prime number?
True
Is 865409 prime?
True
Is 77893 prime?
True
Is 462911 prime?
True
Is 61849 a composite number?
True
Is 568097 a composite number?
False
Is 518329 prime?
False
Is 14303 prime?
True
Is 109009 prime?
False
Is 19567 a composite number?
True
Is 3478623 composite?
True
Is 9731 a prime number?
False
Is 70063 a prime number?
False
Is 737 a composite number?
True
Is 57163 composite?
False
Is 677587 a prime number?
True
Is 4670293 prime?
True
Is 915757 prime?
True
Is 35341 a prime number?
False
Is 963341 prime?
True
Is 49673 prime?
False
Is 231769 a composite number?
True
Is 191351 a composite number?
True
Is 20323 composite?
False
Is 113107 a composite number?
True
Is 587 a composite number?
False
Is 50243 a prime number?
False
Is 518559 composite?
True
Is 189485 a prime number?
False
Is 397 a composite number?
False
Is 145505 a prime number?
False
Is 362281 a prime number?
True
Is 363567 a composite number?
True
Is 1973 composite?
False
Is 5141 prime?
False
Is 1379769 composite?
True
Is 86363 a prime number?
False
Is 8321 prime?
False
Is 1284655 a prime number?
False
Is 493847 a prime number?
False
Is 865961 a prime number?
False
Is 3554 a prime number?
False
Is 4341 composite?
True
Is 131797 composite?
False
Is 11549 a prime number?
True
Is 66841 prime?
True
Is 222073 a prime number?
True
Is 27717 prime?
False
Is 5147 a composite number?
False
Is 1155299 a prime number?
False
Is 76907 a composite number?
False
Is 320741 a composite number?
False
Is 270899 prime?
True
Is 1244891 a composite number?
True
Is 20573 a composite number?
True
Is 9337 composite?
False
Is 106213 a prime number?
True
Is 29947 a composite number?
False
Is 157 prime?
True
Is 1200233 a composite number?
False
Is 5911 composite?
True
Is 71411 a composite number?
False
Is 57353 composite?
True
Is 10589 a composite number?
False
Is 2383 composite?
False
Is 14979 composite?
True
Is 194 prime?
False
Is 16597 a composite number?
True
Is 55579 prime?
True
Is 2245759 prime?
True
Is 2111 a composite number?
False
Is 131611 composite?
False
Is 40757 prime?
False
Is 527147 composite?
True
Is 56089 prime?
False
Is 13894 a prime number?
False
Is 307205 a prime number?
False
Is 120283 a composite number?
False
Is 10243 a composite number?
False
Is 59911 a prime number?
False
Is 21059 a composite number?
False
Is 57829 a prime number?
True
Is 33679 a composite number?
False
Is 3545585 a prime number?
False
Is 71291 a prime number?
False
Is 195907 prime?
True
Is 8402 a composite number?
True
Is 9263 a prime number?
False
Is 4729 prime?
True
Is 2861543 prime?
False
Is 843887 a composite number?
True
Is 7063 a composite number?
True
Is 631 prime?
True
Is 304237 composite?
True
Is 15527 a composite number?
False
Is 30823 prime?
False
Is 2921 prime?
False
Is 6324277 prime?
True
Is 633749 a composite number?
True
Is 8348017 composite?
False
Is 24943 a prime number?
True
Is 967 composite?
False
Is 18199 a composite number?
False
Is 127477 prime?
False
Is 774289 a composite number?
False
Is 156109 composite?
False
Is 420685 composite?
True
Is 5737 a composite number?
False
Is 6997 composite?
False
Is 4038067 prime?
False
Is 3793 composite?
False
Is 134471 prime?
True
Is 5209 prime?
True
Is 329 a prime number?
False
Is 9587 a composite number?
False
Is 4889 prime?
True
Is 24623 prime?
True
Is 614 a composite number?
True
Is 24887 a composite number?
True
Is 2941 a composite number?
True
Is 1141133 a prime number?
False
Is 3314 a composite number?
True
Is 481249 prime?
True
Is 35521 prime?
True
Is 100247 a prime number?
False
Is 23597 prime?
False
Is 148717 a prime number?
False
Is 106687 composite?
True
Is 395 a prime number?
False
Is 8329 a composite number?
False
Is 283369 a composite number?
False
Is 292319 composite?
False
Is 15619 composite?
False
Is 1421141 a prime number?
True
Is 3817 composite?
True
Is 704797 a prime number?
True
Is 45007 a prime number?
True
Is 86491 prime?
True
Is 31957 prime?
True
Is 16057 a prime number?
True
Is 80309 a composite number?
False
Is 45159 prime?
False
Is 438479 prime?
True
Is 7933 composite?
False
Is 113809 composite?
False
Is 66221 composite?
False
Is 475121 prime?
False
Is 19121 a composite number?
False
Is 10589 prime?
True
Is 227455 prime?
False
Is 641699 composite?
True
Is 217253 a prime number?
True
Is 377537 prime?
True
Is 22114 a prime number?
False
Is 483017 composite?
False
Is 1668269 a prime number?
False
Is 3223333 a prime number?
True
Is 14101 a prime number?
False
Is 291055 a prime number?
False
Is 72139 a prime number?
True
Is 6229 prime?
True
Is 259091 a composite number?
True
Is 147967 a prime number?
False
Is 182147 a composite number?
True
Is 81667 a composite number?
False
Is 6863 a composite number?
False
Is 7123 a composite number?
True
Is 171007 prime?
True
Is 19174 prime?
False
Is 100103 prime?
True
Is 91673 a prime number?
True
Is 4283 composite?
False
Is 152183 a prime number?
True
Is 9533 a prime number?
True
Is 362069 prime?
True
Is 15913 a prime number?
True
Is 1923854 a prime number?
False
Is 2021837 a composite number?
False
Is 5761 a prime number?
False
Is 9527 a prime number?
False
Is 103741 composite?
True
Is 9073 prime?
False
Is 211427 prime?
True
Is 2045 prime?
False
Is 11722 prime?
False
Is 542891 composite?
False
Is 215126 prime?
False
Is 39 composite?
True
Is 868487 a prime number?
True
Is 51583 a composite number?
True
Is 120157 a prime number?
True
Is 6779 a prime number?
True
Is 33247 a prime number?
True
Is 2123 prime?
False
Is 337949 a composite number?
False
Is 255043 a composite number?
False
Is 587 composite?
False
Is 5873 a prime number?
False
Is 277411 composite?
False
Is 259705 composite?
True
Is 55681 a composite number?
False
Is 6973 a prime number?
False
Is 39586 composite?
True
Is 1769 prime?
False
Is 1907 a prime number?
True
Is 555221 a composite number?
False
Is 131851 a prime number?
False
Is 135917 a composite number?
True
Is 273311 prime?
True
Is 6626 a composite number?
True
Is 164809 a composite number?
False
Is 11099 a prime number?
False
Is 153613 composite?
True
Is 5269 a composite number?
True
Is 20543 a prime number?
True
Is 329387 prime?
True
Is 1868483 a prime number?
True
Is 2051 a composite number?
True
Is 11789 a composite number?
False
Is 751103 prime?
True
Is 4856647 composite?
True
Is 282554 a prime number?
False
Is 159971 a prime number?
False
Is 2721 a composite number?
True
Is 709223 a prime number?
False
Is 8191 composite?
False
Is 18553 composite?
False
Is 39383 a prime number?
True
Is 1811 a prime number?
True
Is 395 prime?
False
Is 459049 a composite number?
True
Is 7571 composite?
True
Is 377 prime?
False
Is 913 prime?
False
Is 79409 a composite number?
True
Is 40387 prime?
True
Is 78839 prime?
True
Is 116999 prime?
False
Is 24191 composite?
True
Is 145399 prime?
True
Is 63241 prime?
True
Is 35569 a prime number?
True
Is 273407 composite?
True
Is 577379 prime?
False
Is 396793 composite?
True
Is 708103 a composite number?
True
Is 97649 prime?
True
Is 1327991 prime?
False
Is 709066 composite?
True
Is 22123 prime?
True
Is 4048043 prime?
True
Is 80841 composite?
True
Is 9961 a prime number?
False
Is 717751 prime?
True
Is 72859 pri